{"id":23,"date":"2021-04-09T15:21:35","date_gmt":"2021-04-09T15:21:35","guid":{"rendered":"https:\/\/startersites.io\/blocksy\/homi\/?page_id=23"},"modified":"2025-06-03T21:48:05","modified_gmt":"2025-06-04T02:48:05","slug":"cart","status":"publish","type":"page","link":"https:\/\/whattowearstudio.com\/index.php\/cart\/","title":{"rendered":"Carrito de compras"},"content":{"rendered":"\n\n\n\n<div class=\"wp-block-stackable-divider stk-block-divider stk-block stk-4daad7e\" data-block-id=\"4daad7e\"><hr class=\"stk-block-divider__hr\"\/><\/div>\n\n\n\n<div class=\"wp-block-stackable-carousel stk-block-carousel stk--is-slide stk--arrows-justify-space-between stk--arrows-align-center stk-block stk-e012ea1\" data-slides-to-show=\"\" data-block-id=\"e012ea1\"><style>.stk-e012ea1 {margin-bottom:12px !important;}<\/style><div class=\"stk-block-carousel__content-wrapper\"><div class=\"stk-row stk-inner-blocks stk-block-content stk-block-carousel__slider-wrapper stk-content-align stk-e012ea1-column\"><div class=\"stk-block-carousel__slider\" role=\"list\" data-autoplay=\"4000\" data-label-slide-of=\"Slide %%d of %%d\">\n<div class=\"wp-block-stackable-column stk-block-column stk-column stk-block stk-76c81aa\" data-v=\"4\" data-block-id=\"76c81aa\"><div class=\"stk-column-wrapper stk-block-column__content stk-container stk-76c81aa-container stk--no-background stk--no-padding\"><div class=\"stk-block-content stk-inner-blocks stk-76c81aa-inner-blocks\">\n<div class=\"wp-block-stackable-heading stk-block-heading stk-block-heading--v2 stk-block stk-a428be6\" id=\"span-style-color-var-theme-palette-color-10-940303-class-stk-highlight-como-agendar-tu-sesion-span\" data-block-id=\"a428be6\"><style>.stk-a428be6 {min-height:130px !important;align-items:center !important;max-width:1500px !important;min-width:auto !important;margin-bottom:0px !important;display:flex !important;}<\/style><h2 class=\"stk-block-heading__text has-text-align-center\"><span style=\"color: var(--theme-palette-color-10, #940303);\" class=\"stk-highlight\">\u00bfC\u00f3mo agendar tu sesi\u00f3n?<\/span><\/h2><\/div>\n\n\n\n<p class=\"has-text-align-center has-medium-font-size\" style=\"margin-right:var(--wp--preset--spacing--20);margin-left:var(--wp--preset--spacing--20)\">Desliza para conocer los pasos a seguir.<\/p>\n<\/div><\/div><\/div>\n\n\n\n<div class=\"wp-block-stackable-column stk-block-column stk-column stk-block stk-029b3f0\" data-v=\"4\" data-block-id=\"029b3f0\"><div class=\"stk-column-wrapper stk-block-column__content stk-container stk-029b3f0-container stk--no-background stk--no-padding\"><div class=\"stk-block-content stk-inner-blocks stk-029b3f0-inner-blocks\">\n<div class=\"wp-block-stackable-text stk-block-text stk-block stk-935f050\" data-block-id=\"935f050\"><style>.stk-935f050 {min-height:0px !important;margin-bottom:0px !important;}.stk-935f050 .stk-block-text__text{font-size:33px !important;}@media screen and (max-width:999px){.stk-935f050 .stk-block-text__text{font-size:33px !important;}}<\/style><p class=\"stk-block-text__text has-text-align-center\"><strong><span style=\"color: var(--theme-palette-color-2, #7f715c);\" class=\"stk-highlight\">Realiza tu pago<\/span><\/strong><\/p><\/div>\n\n\n\n<p class=\"has-text-align-center has-small-font-size\" style=\"margin-right:var(--wp--preset--spacing--80);margin-left:var(--wp--preset--spacing--80)\">Elige el servicio que mejor se adapte a tus necesidades y presupuesto. <br>Completa tu compra de forma sencilla y segura por transferencia o PayPal. <br>Tu informaci\u00f3n est\u00e1 protegida y, a partir de aqu\u00ed, yo me encargar\u00e9 de guiarte paso a paso.\u00a0<\/p>\n<\/div><\/div><\/div>\n\n\n\n<div class=\"wp-block-stackable-column stk-block-column stk-column stk-block stk-0d7c7e5\" data-v=\"4\" data-block-id=\"0d7c7e5\"><div class=\"stk-column-wrapper stk-block-column__content stk-container stk-0d7c7e5-container stk--no-background stk--no-padding\"><div class=\"stk-block-content stk-inner-blocks stk-0d7c7e5-inner-blocks\">\n<div class=\"wp-block-stackable-text stk-block-text stk-block stk-e42036c\" data-block-id=\"e42036c\"><style>.stk-e42036c {min-height:0px !important;margin-bottom:0px !important;}.stk-e42036c .stk-block-text__text{font-size:33px !important;}@media screen and (max-width:999px){.stk-e42036c .stk-block-text__text{font-size:33px !important;}}<\/style><p class=\"stk-block-text__text has-text-align-center\"><strong><span class=\"stk-highlight\"><span style=\"color: var(--theme-palette-color-2, #7f715c);\">Recibe un correo de <\/span>confirmaci\u00f3n<span style=\"color: var(--theme-palette-color-2, #7f715c);\"> <\/span><\/span>autom\u00e1tico<\/strong><\/p><\/div>\n\n\n\n<p class=\"has-text-align-center has-small-font-size\" style=\"margin-right:var(--wp--preset--spacing--80);margin-left:var(--wp--preset--spacing--80)\">En cuanto tu compra est\u00e9 registrada, recibir\u00e1s un correo confirmando que el pago fue exitoso y que tu solicitud fue recibida. <br>Si no lo ves, revisa tu carpeta de spam o promociones.<\/p>\n<\/div><\/div><\/div>\n\n\n\n<div class=\"wp-block-stackable-column stk-block-column stk-column stk-block stk-cef8d1e\" data-v=\"4\" data-block-id=\"cef8d1e\"><div class=\"stk-column-wrapper stk-block-column__content stk-container stk-cef8d1e-container stk--no-background stk--no-padding\"><div class=\"stk-block-content stk-inner-blocks stk-cef8d1e-inner-blocks\">\n<div class=\"wp-block-stackable-text stk-block-text stk-block stk-6f3558c\" data-block-id=\"6f3558c\"><style>.stk-6f3558c {min-height:0px !important;margin-bottom:0px !important;}.stk-6f3558c .stk-block-text__text{font-size:33px !important;}@media screen and (max-width:999px){.stk-6f3558c .stk-block-text__text{font-size:33px !important;}}<\/style><p class=\"stk-block-text__text has-text-align-center\"><strong>Seguimiento por WhatsApp<\/strong><\/p><\/div>\n\n\n\n<p class=\"has-text-align-center has-small-font-size\" style=\"margin-right:var(--wp--preset--spacing--80);margin-left:var(--wp--preset--spacing--80)\">En menos de 24 horas me comunicar\u00e9 contigo directamente. <br>Ah\u00ed coordinaremos el d\u00eda y horario que mejor se acomode a ti. <br>Tambi\u00e9n te compartir\u00e9 los detalles que necesitas saber antes de nuestra sesi\u00f3n.<\/p>\n<\/div><\/div><\/div>\n\n\n\n<div class=\"wp-block-stackable-column stk-block-column stk-column stk-block stk-46d815a\" data-v=\"4\" data-block-id=\"46d815a\"><div class=\"stk-column-wrapper stk-block-column__content stk-container stk-46d815a-container stk--no-background stk--no-padding\"><div class=\"stk-block-content stk-inner-blocks stk-46d815a-inner-blocks\">\n<div class=\"wp-block-stackable-text stk-block-text stk-block stk-e27c416\" data-block-id=\"e27c416\"><style>.stk-e27c416 {min-height:0px !important;margin-bottom:0px !important;}.stk-e27c416 .stk-block-text__text{font-size:33px !important;}@media screen and (max-width:999px){.stk-e27c416 .stk-block-text__text{font-size:33px !important;}}<\/style><p class=\"stk-block-text__text has-text-align-center\"><strong>\u00a1Todo listo!<\/strong><\/p><\/div>\n\n\n\n<p class=\"has-text-align-center has-small-font-size\" style=\"margin-right:var(--wp--preset--spacing--80);margin-left:var(--wp--preset--spacing--80)\">Gracias por confiar en <strong><span style=\"color: var(--theme-palette-color-10, #940303);\" class=\"stk-highlight\"><a href=\"https:\/\/whattowearstudio.com\/\" data-type=\"page\" data-id=\"626\">what to wear studio<\/a>.<\/span><\/strong> <br>Estoy aqu\u00ed para guiarte en cada paso y coordinar contigo todo lo necesario para empezar.<\/p>\n<\/div><\/div><\/div>\n<\/div><div class=\"stk-block-carousel__buttons\"><button class=\"stk-block-carousel__button stk-block-carousel__button__prev\" aria-label=\"Previous slide\"><svg aria-hidden=\"true\" focusable=\"false\" data-prefix=\"fas\" data-icon=\"chevron-left\" class=\"svg-inline--fa fa-chevron-left\" xmlns=\"http:\/\/www.w3.org\/2000\/svg\" viewBox=\"0 0 320 512\" width=\"32\" height=\"32\"><path d=\"M34.52 239.03L228.87 44.69c9.37-9.37 24.57-9.37 33.94 0l22.67 22.67c9.36 9.36 9.37 24.52.04 33.9L131.49 256l154.02 154.75c9.34 9.38 9.32 24.54-.04 33.9l-22.67 22.67c-9.37 9.37-24.57 9.37-33.94 0L34.52 272.97c-9.37-9.37-9.37-24.57 0-33.94z\"><\/path><\/svg><\/button><button class=\"stk-block-carousel__button stk-block-carousel__button__next\" aria-label=\"Next slide\"><svg aria-hidden=\"true\" focusable=\"false\" data-prefix=\"fas\" data-icon=\"chevron-right\" class=\"svg-inline--fa fa-chevron-right\" xmlns=\"http:\/\/www.w3.org\/2000\/svg\" viewBox=\"0 0 320 512\" width=\"32\" height=\"32\"><path d=\"M285.476 272.971L91.132 467.314c-9.373 9.373-24.569 9.373-33.941 0l-22.667-22.667c-9.357-9.357-9.375-24.522-.04-33.901L188.505 256 34.484 101.255c-9.335-9.379-9.317-24.544.04-33.901l22.667-22.667c9.373-9.373 24.569-9.373 33.941 0L285.475 239.03c9.373 9.372 9.373 24.568.001 33.941z\"><\/path><\/svg><\/button><\/div><\/div><div class=\"stk-block-carousel__dots\" role=\"list\" data-label=\"Slide %%d\"><\/div><\/div><\/div>\n","protected":false},"excerpt":{"rendered":"","protected":false},"author":1,"featured_media":0,"parent":0,"menu_order":0,"comment_status":"closed","ping_status":"closed","template":"","meta":{"footnotes":""},"class_list":["post-23","page","type-page","status-publish","hentry"],"blocksy_meta":{"styles_descriptor":{"styles":{"desktop":"","tablet":"","mobile":""},"google_fonts":[],"version":6}},"jetpack_sharing_enabled":true,"_links":{"self":[{"href":"https:\/\/whattowearstudio.com\/index.php\/wp-json\/wp\/v2\/pages\/23","targetHints":{"allow":["GET"]}}],"collection":[{"href":"https:\/\/whattowearstudio.com\/index.php\/wp-json\/wp\/v2\/pages"}],"about":[{"href":"https:\/\/whattowearstudio.com\/index.php\/wp-json\/wp\/v2\/types\/page"}],"author":[{"embeddable":true,"href":"https:\/\/whattowearstudio.com\/index.php\/wp-json\/wp\/v2\/users\/1"}],"replies":[{"embeddable":true,"href":"https:\/\/whattowearstudio.com\/index.php\/wp-json\/wp\/v2\/comments?post=23"}],"version-history":[{"count":2,"href":"https:\/\/whattowearstudio.com\/index.php\/wp-json\/wp\/v2\/pages\/23\/revisions"}],"predecessor-version":[{"id":820,"href":"https:\/\/whattowearstudio.com\/index.php\/wp-json\/wp\/v2\/pages\/23\/revisions\/820"}],"wp:attachment":[{"href":"https:\/\/whattowearstudio.com\/index.php\/wp-json\/wp\/v2\/media?parent=23"}],"curies":[{"name":"wp","href":"https:\/\/api.w.org\/{rel}","templated":true}]}}