{"id":26,"date":"2021-04-09T15:25:49","date_gmt":"2021-04-09T15:25:49","guid":{"rendered":"https:\/\/startersites.io\/blocksy\/homi\/?post_type=product&#038;p=26"},"modified":"2025-05-04T16:56:47","modified_gmt":"2025-05-04T21:56:47","slug":"the-getaway","status":"publish","type":"product","link":"https:\/\/whattowearstudio.com\/index.php\/producto\/the-getaway\/","title":{"rendered":"The Getaway"},"content":{"rendered":"<section id=\"comp-m9xiw4v03\" class=\"Oqnisf comp-m9xiw4v03 wixui-section\" tabindex=\"-1\" data-block-level-container=\"ClassicSection\">\n<div class=\"\" data-mesh-id=\"comp-m9xiw4v03inlineContent\" data-testid=\"inline-content\">\n<div data-mesh-id=\"comp-m9xiw4v03inlineContent-gridContainer\" data-testid=\"mesh-container-content\">\n<div id=\"comp-m9xiw4v1\" class=\"HcOXKn c9GqVL QxJLC3 lq2cno YQcXTT comp-m9xiw4v1 wixui-rich-text\" data-testid=\"richTextElement\">\n<h2 class=\"font_2 wixui-rich-text__text\"><span class=\"wixui-rich-text__text\">Esto es lo que necesitas saber sobre este servicio.<\/span><\/h2>\n<\/div>\n<div id=\"comp-m9xiw4v17\" class=\"comp-m9xiw4v17 wixui-repeater\">\n<div id=\"comp-m9xiw4v17_wrapper\" class=\"o6oDlF\">\n<div id=\"comp-m9xiw4v34__item1\" class=\"comp-m9xiw4v34 YzqVVZ wixui-repeater__item\" role=\"listitem\">\n<div class=\"\" data-mesh-id=\"comp-m9xiw4v34__item1inlineContent\" data-testid=\"inline-content\">\n<div data-mesh-id=\"comp-m9xiw4v34__item1inlineContent-gridContainer\" data-testid=\"mesh-container-content\">\n<div id=\"comp-m9xiw4v57__item1\" class=\"HcOXKn c9GqVL QxJLC3 lq2cno YQcXTT comp-m9xiw4v57 wixui-rich-text\" data-testid=\"richTextElement\">\n<h3 class=\"font_5 wixui-rich-text__text\"><span class=\"wixui-rich-text__text\">Looks diarios:<\/span><\/h3>\n<\/div>\n<div id=\"comp-m9xiw4v66__item1\" class=\"HcOXKn c9GqVL QxJLC3 lq2cno YQcXTT comp-m9xiw4v66 wixui-rich-text\" data-testid=\"richTextElement\">\n<p class=\"font_9 wixui-rich-text__text\"><span class=\"wixui-rich-text__text\">Outfits pensados seg\u00fan el clima, el destino y tus actividades. Cada d\u00eda, una opci\u00f3n lista para ti.<\/span><\/p>\n<\/div>\n<\/div>\n<\/div>\n<\/div>\n<div id=\"comp-m9xiw4v34__item2\" class=\"comp-m9xiw4v34 YzqVVZ wixui-repeater__item\" role=\"listitem\">\n<div class=\"\" data-mesh-id=\"comp-m9xiw4v34__item2inlineContent\" data-testid=\"inline-content\">\n<div data-mesh-id=\"comp-m9xiw4v34__item2inlineContent-gridContainer\" data-testid=\"mesh-container-content\">\n<div id=\"comp-m9xiw4v57__item2\" class=\"HcOXKn c9GqVL QxJLC3 lq2cno YQcXTT comp-m9xiw4v57 wixui-rich-text\" data-testid=\"richTextElement\">\n<h3 class=\"font_5 wixui-rich-text__text\"><span class=\"wixui-rich-text__text\">Maleta estrat\u00e9gica<\/span><\/h3>\n<\/div>\n<div id=\"comp-m9xiw4v66__item2\" class=\"HcOXKn c9GqVL QxJLC3 lq2cno YQcXTT comp-m9xiw4v66 wixui-rich-text\" data-testid=\"richTextElement\">\n<p class=\"font_8 wixui-rich-text__text\"><span class=\"wixui-rich-text__text\">Solo lo necesario: prendas vers\u00e1tiles que se adaptan entre s\u00ed y multiplican tus opciones sin llenar de m\u00e1s tu maleta.<\/span><\/p>\n<\/div>\n<\/div>\n<\/div>\n<\/div>\n<div id=\"comp-m9xiw4v34__item3\" class=\"comp-m9xiw4v34 YzqVVZ wixui-repeater__item\" role=\"listitem\">\n<div class=\"\" data-mesh-id=\"comp-m9xiw4v34__item3inlineContent\" data-testid=\"inline-content\">\n<div data-mesh-id=\"comp-m9xiw4v34__item3inlineContent-gridContainer\" data-testid=\"mesh-container-content\">\n<div id=\"comp-m9xiw4v57__item3\" class=\"HcOXKn c9GqVL QxJLC3 lq2cno YQcXTT comp-m9xiw4v57 wixui-rich-text\" data-testid=\"richTextElement\">\n<h3 class=\"font_5 wixui-rich-text__text\"><span class=\"wixui-rich-text__text\">Lista de compras<\/span><\/h3>\n<\/div>\n<div id=\"comp-m9xiw4v66__item3\" class=\"HcOXKn c9GqVL QxJLC3 lq2cno YQcXTT comp-m9xiw4v66 wixui-rich-text\" data-testid=\"richTextElement\">\n<p class=\"font_8 wixui-rich-text__text\"><span class=\"wixui-rich-text__text\">Haremos una lista pensada de manera estrat\u00e9gica con piezas clave que necesites y con algunas otras que podr\u00edan sumar a cada look.<\/span><\/p>\n<\/div>\n<\/div>\n<\/div>\n<\/div>\n<div id=\"comp-m9xiw4v34__item-kemq3wiu\" class=\"comp-m9xiw4v34 YzqVVZ wixui-repeater__item\" role=\"listitem\">\n<div class=\"\" data-mesh-id=\"comp-m9xiw4v34__item-kemq3wiuinlineContent\" data-testid=\"inline-content\">\n<div data-mesh-id=\"comp-m9xiw4v34__item-kemq3wiuinlineContent-gridContainer\" data-testid=\"mesh-container-content\">\n<div id=\"comp-m9xiw4v57__item-kemq3wiu\" class=\"HcOXKn c9GqVL QxJLC3 lq2cno YQcXTT comp-m9xiw4v57 wixui-rich-text\" data-testid=\"richTextElement\">\n<h3 class=\"font_5 wixui-rich-text__text\"><span class=\"wixui-rich-text__text\">Asistencia<\/span><\/h3>\n<\/div>\n<div id=\"comp-m9xiw4v66__item-kemq3wiu\" class=\"HcOXKn c9GqVL QxJLC3 lq2cno YQcXTT comp-m9xiw4v66 wixui-rich-text\" data-testid=\"richTextElement\">\n<p class=\"font_8 wixui-rich-text__text\"><span class=\"wixui-rich-text__text\">Acompa\u00f1amiento por WhatsApp en caso de dudas, cambios o decisiones r\u00e1pidas.<\/span><\/p>\n<\/div>\n<\/div>\n<\/div>\n<\/div>\n<\/div>\n<\/div>\n<\/div>\n<\/div>\n<\/section>\n","protected":false},"excerpt":{"rendered":"<p class=\"font_8 wixui-rich-text__text\"><strong><span class=\"wixui-rich-text__text\">Estilo que se adapta a tu destino.<br \/>\nPresencial<br \/>\n<\/span><\/strong><\/p>\n<p class=\"font_8 wixui-rich-text__text\"><span class=\"wixui-rich-text__text\">Creamos juntos los looks ideales para tu viaje seg\u00fan el destino, clima y actividades. Nada de llevar \u201cpor si acaso\u201d: cada prenda tiene un prop\u00f3sito y se combina de forma eficiente para maximizar opciones sin ocupar espacio de m\u00e1s.<\/span><\/p>\n","protected":false},"featured_media":781,"comment_status":"open","ping_status":"closed","template":"","meta":[],"product_brand":[],"product_cat":[41],"product_tag":[],"class_list":{"0":"post-26","1":"product","2":"type-product","3":"status-publish","4":"has-post-thumbnail","6":"product_cat-the-getaway","8":"first","9":"instock","10":"taxable","11":"shipping-taxable","12":"purchasable","13":"product-type-variable"},"jetpack_sharing_enabled":true,"_links":{"self":[{"href":"https:\/\/whattowearstudio.com\/index.php\/wp-json\/wp\/v2\/product\/26","targetHints":{"allow":["GET"]}}],"collection":[{"href":"https:\/\/whattowearstudio.com\/index.php\/wp-json\/wp\/v2\/product"}],"about":[{"href":"https:\/\/whattowearstudio.com\/index.php\/wp-json\/wp\/v2\/types\/product"}],"replies":[{"embeddable":true,"href":"https:\/\/whattowearstudio.com\/index.php\/wp-json\/wp\/v2\/comments?post=26"}],"wp:featuredmedia":[{"embeddable":true,"href":"https:\/\/whattowearstudio.com\/index.php\/wp-json\/wp\/v2\/media\/781"}],"wp:attachment":[{"href":"https:\/\/whattowearstudio.com\/index.php\/wp-json\/wp\/v2\/media?parent=26"}],"wp:term":[{"taxonomy":"product_brand","embeddable":true,"href":"https:\/\/whattowearstudio.com\/index.php\/wp-json\/wp\/v2\/product_brand?post=26"},{"taxonomy":"product_cat","embeddable":true,"href":"https:\/\/whattowearstudio.com\/index.php\/wp-json\/wp\/v2\/product_cat?post=26"},{"taxonomy":"product_tag","embeddable":true,"href":"https:\/\/whattowearstudio.com\/index.php\/wp-json\/wp\/v2\/product_tag?post=26"}],"curies":[{"name":"wp","href":"https:\/\/api.w.org\/{rel}","templated":true}]}}